{"id":3439,"date":"2021-03-24T13:13:35","date_gmt":"2021-03-24T12:13:35","guid":{"rendered":"https:\/\/datviet.fr\/vente-paris\/?post_type=product&#038;p=3439"},"modified":"2021-06-30T19:02:50","modified_gmt":"2021-06-30T17:02:50","slug":"banh-cuon","status":"publish","type":"product","link":"https:\/\/datviet.fr\/vente-paris\/produit\/banh-cuon\/","title":{"rendered":"Banh Cuon"},"content":{"rendered":"<p>4 cr\u00eapes vietnamiennes \u00e0 la vapeur garnies de porc hach\u00e9 et de champignon noir<\/p>\n","protected":false},"excerpt":{"rendered":"<p>4 cr\u00eapes vietnamiennes \u00e0 la vapeur garnies de porc hach\u00e9 [&hellip;]<\/p>\n","protected":false},"featured_media":3469,"template":"","meta":[],"class_list":["post-3439","product","type-product","status-publish","has-post-thumbnail","hentry","product_cat-entrees"],"_links":{"self":[{"href":"https:\/\/datviet.fr\/vente-paris\/wp-json\/wp\/v2\/product\/3439","targetHints":{"allow":["GET"]}}],"collection":[{"href":"https:\/\/datviet.fr\/vente-paris\/wp-json\/wp\/v2\/product"}],"about":[{"href":"https:\/\/datviet.fr\/vente-paris\/wp-json\/wp\/v2\/types\/product"}],"wp:featuredmedia":[{"embeddable":true,"href":"https:\/\/datviet.fr\/vente-paris\/wp-json\/wp\/v2\/media\/3469"}],"wp:attachment":[{"href":"https:\/\/datviet.fr\/vente-paris\/wp-json\/wp\/v2\/media?parent=3439"}],"curies":[{"name":"wp","href":"https:\/\/api.w.org\/{rel}","templated":true}]}}